{"id":223,"date":"2020-07-11T18:20:54","date_gmt":"2020-07-11T23:20:54","guid":{"rendered":"http:\/\/montenegrofineart.com\/?page_id=223"},"modified":"2020-07-22T16:36:13","modified_gmt":"2020-07-22T21:36:13","slug":"biography","status":"publish","type":"page","link":"https:\/\/montenegrofineart.com\/index.php\/biography\/","title":{"rendered":"Bio"},"content":{"rendered":"\n<p class=\"has-text-color has-very-light-gray-color\"><a href=\"#ebe2e2\"><span style=\"color:#ebe2e2\" class=\"tadv-color\">Jesse Montenegro.\u00a0\u00a0<\/span><\/a><\/p>\n\n\n\n<p><span style=\"color:#ebe2e2\" class=\"tadv-color\">Began my art career in 2004. I have been given the wonderful opportunity to create my art creations as well as share my talent as an art instructor in the Riviera Maya Mx. As a self-taught artist,\u00a0 my inspiration came from famous artist like Pablo Picasso, Salvador Dali and Andy Warhol.\u00a0 My interest in the art world has driven me to dedicate many long hours in practice to design many artist creations. I believe a brush is only a brush, and a canvas is only a canvas ; but once you reach a point of inspiration to create, you are able to apply that positive energy on a canvas via brush and paint . The end result is the ability to change the mood and inner creativity of all mankind.<br><br>To me, art is a form of meditation. Art and design have the capability to move the world. I have reached a point in my life where I feel the need to teach others my proficiency in art. Teaching to me is very important because I feel as I progress as a teacher I also gain knowledge and skills from doing something I love.<\/span><\/p>\n\n\n\n<p><a href=\"#ebe2e2\"><span style=\"color:#ebe2e2\" class=\"tadv-color\">Angeles Ake<\/span><\/a><\/p>\n\n\n\n<p><span style=\"color:#ebe2e2\" class=\"tadv-color\">Nacida en M\u00e9rida, Yucat\u00e1n, M\u00e9xico. Desde edad temprana ha tenido el gusto e inquietud por el arte y las manualidades, siempre impulsada,\u00a0 motivada y entusiasta. Con una formaci\u00f3n profesional como Contador P\u00fabico y una carrera exitosa,\u00a0 alternadamente tiene una formaci\u00f3n en salud ambiental y holismo, en armonizaci\u00f3n encontr\u00f3 en el arte una forma de estilo de vida.<br><br>Con un estilo que muestra la belleza e importancia de nuestra relaci\u00f3n con la naturaleza en todos sus aspectos, como ella define el concepto NaturalezArte, que combina naturaleza y arte en armon\u00eda como un estilo de vida.<br><br>Teniendo como ideal que una de las mejores oportunidades de aprender y desarrollarse es ense\u00f1ando y compartiendo, en el 2016 junto con su instructor de arte, el artista Jesse Montenegro, crean un proyecto para impartir\u00a0 clases y talleres de arte individual y de grupos de hasta 35 participantes, desde ni\u00f1os peque\u00f1os hasta personas adultas mayores, actualmente en la Riviera Maya. Con \u00e9xito, a la fecha en 2020, se ha impartido en conjunto un promedio de 350 sesiones y que han convertido en una marca y referencia. Esta experiencia e interacci\u00f3n con las personas y sus diferentes estilos, le ha permitido crear, descubrir, sensibilizarse y disfrutar cada una de sus obras.<br><br>En el 2017 crea su l\u00ednea de arte Art Angel Fine Art.<br><br>Actualmente se desempe\u00f1a de tiempo completo como artista e instructora de arte.<\/span><\/p>\n","protected":false},"excerpt":{"rendered":"<p>Jesse Montenegro.\u00a0\u00a0 Began my art career in 2004. I have been given the wonderful opportunity to create my art creations as well as share&#8230;<\/p>\n","protected":false},"author":1,"featured_media":0,"parent":0,"menu_order":1,"comment_status":"closed","ping_status":"closed","template":"","meta":[],"_links":{"self":[{"href":"https:\/\/montenegrofineart.com\/index.php\/wp-json\/wp\/v2\/pages\/223"}],"collection":[{"href":"https:\/\/montenegrofineart.com\/index.php\/wp-json\/wp\/v2\/pages"}],"about":[{"href":"https:\/\/montenegrofineart.com\/index.php\/wp-json\/wp\/v2\/types\/page"}],"author":[{"embeddable":true,"href":"https:\/\/montenegrofineart.com\/index.php\/wp-json\/wp\/v2\/users\/1"}],"replies":[{"embeddable":true,"href":"https:\/\/montenegrofineart.com\/index.php\/wp-json\/wp\/v2\/comments?post=223"}],"version-history":[{"count":12,"href":"https:\/\/montenegrofineart.com\/index.php\/wp-json\/wp\/v2\/pages\/223\/revisions"}],"predecessor-version":[{"id":362,"href":"https:\/\/montenegrofineart.com\/index.php\/wp-json\/wp\/v2\/pages\/223\/revisions\/362"}],"wp:attachment":[{"href":"https:\/\/montenegrofineart.com\/index.php\/wp-json\/wp\/v2\/media?parent=223"}],"curies":[{"name":"wp","href":"https:\/\/api.w.org\/{rel}","templated":true}]}}